e x(6). Suppose -3*t - 2 = 4*f + d, 3*f = t + 14. Is 132/(f - 1) + 1 prime?
True
Let z(h) = 115*h - 4. Let v(y) = 38*y - 1. Let q(b) = -17*v(b) + 6*z(b). Let p = -11 - -16. Is q(p) composite?
True
Suppose -4*h = -3*y - 4 + 2, 0 = -4*h + 2*y. Is (h + -11)*309/(-12) composite?
True
Let s(c) = 4 + 11*c + 6*c - 114*c. Let j(a) = -96*a + 5. Let f(m) = 5*j(m) - 6*s(m). Is f(5) a composite number?
True
Let q(l) = 32*l**3 - 8*l**2 - 25*l + 13. Is q(10) prime?
False
Let u = 33 + -35. Let v be (11*u)/(20/10). Is 971 + -2 + (-22)/v composite?
False
Is 4/1 + -6 - -2373 prime?
True
Let i = -5 + 8. Suppose -16 = -l - i*l. Suppose l*q - 54 = 158. Is q prime?
True
Suppose 6*k - 4*k - 43456 = 0. Let p be k/42 - 4/(-6). Suppose 3*b - p = 181. Is b a prime number?
True
Suppose 7*y - 1014 = y. Let n be (69/2)/(6/16). Let t = y - n. Is t a composite number?
True
Let q(b) = -b**2 + 12*b - 17. Let y be q(10). Let m be (3*-1)/(6/(-4)). Suppose 3*w - 327 = -y*t, -3*w + m*t + 327 = -3*t. Is w a composite number?
False
Let y(w) = 2*w**2 + w + 1. Let x(b) = b**2 - 2*b. Let l be x(1). Let v be y(l). Suppose -v*q + 45 = -21. Is q a composite number?
True
Let i = -15 + 20. Suppose -i*x - 2431 + 31796 = 0. Is x composite?
True
Let r(y) = y - 1. Let o be r(9). Suppose -5521 - 3687 = -o*i. Is i composite?
False
Let h(t) = -2*t + 43. Let b be h(21). Is b*516 + 3 - -2 composite?
False
Let n(q) = -q**2 + 8*q - 9. Let s be n(6). Suppose 20*f = 15*f + 10. Suppose -4*g = -f*g + s*o - 1124, 2*o - 1691 = -3*g. Is g a prime number?
False
Let a = 31750 + -21379. Is a a composite number?
True
Let o be -2 + -7743 + 0/(-8). Is o/(-65) + 4/(-26) prime?
False
Suppose a + 3*r = 17, -2*a = 2*a - 2*r + 2. Suppose 2*h = -0*f - a*f - 15980, -f + 7986 = -h. Is 2/(-8) + h/(-16) a prime number?
True
Let m = 69 - 25. Let a = -20 + -2. Let c = a + m. Is c a composite number?
True
Suppose 5*y - 809 = -a, 4*y - 177 = 3*y - 4*a. Is y a composite number?
True
Let d = 7 + -9. Let b be 0/(d/(-1)) + 4. Let w = 9 + b. Is w composite?
False
Suppose -278*b + 274*b + 112 = 0. Suppose 2*d = -0*d + 14. Is 6373/d - b/(-49) a prime number?
True
Suppose 3*t - 21 = 3*o, 0*t + 4*t = -2*o - 44. Let v be (-9)/(-3)*56/o. Is (-4)/v + (-2133)/(-7) prime?
False
Let x(g) = 36*g**3 + 13*g**2 - 5*g - 14. Let q be x(12). Let m = q - 90146. Is m/(-300) + 2/(-15) prime?
False
Suppose 3967 + 4945 = 16*b. Is b prime?
True
Let i = 2086 - -3111. Is i a composite number?
False
Let h(m) = -16788*m - 643. Is h(-3) composite?
True
Suppose q - 2*o = -q + 119880, -3*q + 5*o + 179830 = 0. Is q a composite number?
True
Let r = 140 + -21. Let p be 6/10 + r/35. Is (-30)/p*8/(-6) prime?
False
Suppose -61*m + 2345 = -56*m. Is m composite?
True
Let r(a) be the first derivative of a**4 - 5*a**3/3 + 3*a**2/2 - a + 11. Is r(7) a composite number?
True
Let q(v) = v + 15. Let k(z) = -z**2 - 5*z + 1. Let n be k(-7). Let g be q(n). Is 115/(3 + g + -4) a prime number?
False
Suppose -3*p + 2*p + 6 = 0. Let r be (0/p)/(-2 + -2). Is (2 - r - 1)*58 a prime number?
False
Suppose 4*w + 8 = 0, 1075 + 1693 = 2*a - 3*w. Is a composite?
False
Let s(l) = -15*l + 9*l**2 + 15 - 3 - 2 + 3. Is s(11) a prime number?
True
Suppose -7294 = r - 15*r. Is r composite?
False
Let p = -76 + 81. Suppose -1376 = -5*s - 2*n, 2*s - 259 = s + p*n. Is s a prime number?
False
Is (1 + 1)*(-2038343)/(-62) a prime number?
False
Let t be (-9)/(-12)*(-8)/(-3). Let r(f) = 6*f - 2. Let d be r(t). Suppose -4*l + 4 = 0, -h - 3*l + 0*l = -d. Is h a prime number?
True
Let w be 3/(45/(-10))*(2 + -707). Let h = w - 283. Is h a composite number?
True
Let j(x) = 4*x**3 + 16*x**2 + 30*x - 1. Is j(10) prime?
False
Let p = 33 - 32. Is p + (-2425)/(-1) - (-2 + 1) a prime number?
False
Suppose -39*h = 22*h - 132919. Is h prime?
True
Let c(z) = z**3 - 8*z**2 + 7*z - 4. Let h be c(7). Is 1090 + -2 + h + 3 a prime number?
True
Suppose -6*p + 18466 = -10040. Is p composite?
False
Let j be 84/27 - 5*(-5)/(-225). Let x be (-1)/4 + (-103538)/(-8). Is j/(-5) - x/(-45) a composite number?
True
Let b(q) = 2*q + 4 - 2*q - 2*q + 3*q. Let o be b(-3). Is o/((-3)/((-1956)/4)) a composite number?
False
Let t be 1 + -2 + (2311 - -4). Suppose -171 - t = -7*g. Is g a prime number?
False
Let p(a) = -2 + 2*a + 75*a**2 + 13 - a + 4. Is p(7) prime?
True
Let w(y) = -y**3 + 4*y**2 + 2*y + 17. Let z be w(5). Suppose 3*q - 5 = 7, 5*k = -z*q + 6213. Is k composite?
True
Suppose 3*k = 5*g - 1642, 4*g - 15 - 1277 = -3*k. Suppose -6*b = -4*b - g. Is b composite?
False
Suppose 3*b + 29 - 2178 = -2*j, -j + 1077 = b. Is j a prime number?
False
Let o = -733 + 1290. Is o a prime number?
True
Let v = 195 - 37. Is v a prime number?
False
Let t(o) = -o**2 + 31*o + 80. Let p be t(29). Suppose 2*v + 186 = 44. Let d = v + p. Is d composite?
False
Let q = -8 + 8. Suppose m - 3 = -q. Suppose y = m*y - 758. Is y a prime number?
True
Suppose -212 = -w - 0*w. Let k = -96 + w. Suppose 14 = g - 4*z, g - 3*z + k = 6*g. Is g a prime number?
False
Let v(j) = -129*j**3 - j**2 + 2*j + 2. Let b be v(-1). Let y = b - 7. Is y composite?
True
Suppose 44*s - 41*s - 15988 = -2*t, -5*t + s = -39987. Is t a prime number?
False
Suppose 7 = -7*q + 3*q - 5*m, q + 4 = -2*m. Suppose -d - d + 4*t = -1114, -3*d + 1683 = -q*t. Is d a prime number?
True
Let x be (-1)/(1*(-1)/(-1091)). Let a = -458 - x. Suppose 0 = -4*v + v + a. Is v a composite number?
False
Suppose 15 = -4*j + 7*j. Suppose x + 51 = -4*h, 0*h - h - 18 = -j*x. Let t(r) = 5*r**2 - 15*r + 15. Is t(h) composite?
True
Suppose -2*g + g + 4*l - 14 = 0, 5*g - l = 25. Suppose g*b = 8*b - 136. Suppose -2*v + 3*m + b = 0, -v = -5*v - m + 122. Is v a composite number?
False
Let u(t) = 12*t - 2. Let b(w) = 9*w + 1. Let k be b(-1). Let o(a) = 36*a - 7. Let s(z) = k*u(z) + 3*o(z). Is s(4) a prime number?
True
Suppose 5*y = r + 4708, 0 = 4*r - 0 + 12. Suppose -3*s + y = -727. Suppose 0 = -4*c - 4*j + s, -5*c - 4*j = -2*j - 704. Is c a prime number?
False
Suppose 4*a + 3*t - 29061 = 0, -a = -11*t + 6*t - 7294. Is a composite?
True
Let w be -7 + 1*(1 - -3). Let n(v) = 10*v**2 + v - 7. Let o(b) = 20*b**2 + 2*b - 13. Let g(m) = -11*n(m) + 6*o(m). Is g(w) a prime number?
False
Let p(d) = -237*d + 9. Let v(u) = -79*u + 3. Let f(t) = -4*p(t) + 14*v(t). Let i be f(5). Is 2/10 - i/5 a composite number?
False
Let l = -17 - -32. Suppose -550 + 85 = -l*r. Is r a prime number?
True
Let v be (-3)/(-12) + 659/4. Let k = v + 20. Is k composite?
True
Suppose 5*g + 3*a = 104901 - 5884, -a + 99009 = 5*g. Is g prime?
True
Let q(z) = 518*z - 11. Let b = 24 - 21. Is q(b) a prime number?
True
Suppose 3*i = -4*i - i. Suppose -4*h = 2*j + h - 639, h + 3 = i. Is j a composite number?
True
Suppose -2*v - q = -9, 3*v + 6 = 4*v + q. Let k be 3/6 - 6/(-4). Suppose -v*f + k*f = -31. Is f a composite number?
False
Suppose -2*f - 4*p + 18 = 0, p - 36 = -4*f - 0*p. Let h(r) = 2*r**3 - 4*r**3 + 14*r**2 + r**3 - 11 - 7*r. Is h(f) composite?
False
Let d(z) = 18*z + 1. Let c(n) = n**3 - 9*n**2 + 10*n - 9. Let o be c(8). Let i = 21 - o. Is d(i) a composite number?
True
Suppose -26*g = -29*g + 132. Is (g/(-55))/(4/(-670)) a composite number?
True
Let t(z) = 1147*z - 44. Is t(3) composite?
True
Suppose 2*x + 747 = -3*h + 5336, -4*x = 2*h - 9198. Is x a prime number?
False
Suppose 286*b = 268*b + 228708. Is b a composite number?
True
Let g = 155 + -233. Let u = -6 - -14. Is u/(-12)*g/4 composite?
False
Suppose -z + 10 = -5*x, 0 = -2*z + 3*z - x - 2. Suppose -3*d + 4*d - 39 = z. Is d a composite number?
True
Let c = -7996 + 12845. Is c a composite number?
True
Is -1049*1*(-5 - -4) composite?
False
Let b(c) = c + 10. Let r be b(-7). Suppose -r*u + 652 = -587. Is u prime?
False
Let y be 1 + 6/(-2) - (-6 + 7). Let s(p) = -103*p**3 - p**2 - 5*p + 2. Is s(y) a composite number?
False
Let n(j) = -j**3 - 2*j + 517. Is n(0) composite?
True
Let v = 53 + -56. Suppose -3*a - 5*z + 0 = -7, -4*z + 11 = -3*a. Is 534/9 - a/v a prime number?
True
Let z = 1307 + 348. Is z prime?
False
Let g be (2/(-4))/((-2)/468). Let i(q) = -q**3 + 5*q**2 - 9*q + 12. Let z be i(3). Suppose c - b = 382, 0 = z*c + 3*b + g - 1257. Is c prime?
False
Let t(v) = v**3 + 12*v**2 - 8*v - 14. Let r be t(-12). Let k = 55 - r. Is k/(-36) + 1258/8 prime?
False
Let p(a) be the third derivative of a**5/15 + a